83*f - 3350. Let d be y(200). Let w be 2/(-8) - 82/(-8). What is the greatest common factor of d and w?
10
Let v(h) = 15*h + 195. Let f be v(-11). Let d be (1/2)/((-21)/252) + 18. What is the greatest common factor of f and d?
6
Suppose 0 = 4*x + 4*z - 2700, 6*x = x + z + 3375. Calculate the highest common divisor of 25 and x.
25
Let o(u) = -33*u + 3. Let p be o(-4). Let w(y) = -18 - 18 - 2*y + 43. Let b be w(-4). What is the highest common factor of p and b?
15
Let z = -10678 - -21518. Calculate the greatest common factor of 20 and z.
20
Suppose -83*h + 8496 = -11*h. Calculate the greatest common factor of h and 2124.
118
Let o be 3189/6 + 3 - (-155)/62. Calculate the highest common factor of 2327 and o.
179
Let a = 978 - 450. Suppose n - 4*z - a = -2*n, -4*n = -z - 704. What is the highest common divisor of n and 16?
16
Let b = -430 - -433. Suppose 226 = 5*l - b*w + 27, -3*l + 131 = 4*w. What is the highest common divisor of 205 and l?
41
Let k(b) = 6*b**2 + 6*b - 19. Let o(d) = 5*d**2 + 5*d - 20. Let a(s) = -4*k(s) + 5*o(s). Let z be a(-8). What is the greatest common factor of z and 88?
8
Let w = -168805 + 168816. Suppose 0 = -2*p + 12 + 340. What is the highest common factor of p and w?
11
Let u(l) = 2*l**2 - 18*l - 107. Let b be u(20). Let d = b + -330. Suppose -3*h + 39 = -3*z, 18 + 26 = 4*h - 2*z. What is the greatest common factor of d and h?
3
Let h(x) = -47*x + 20. Let j be 3 + -2 + 6 + -14. Let m be h(j). Suppose 2*t - 3 = m. Calculate the highest common factor of t and 16.
16
Suppose -r + 3*w = -2*r + 24, 2*w + 32 = 2*r. Suppose -r*b = -110 - 232. Calculate the greatest common divisor of 209 and b.
19
Suppose 3*c = 2*t + 548, -50*c + 2*t = -49*c - 188. What is the highest common divisor of 144 and c?
36
Suppose -3*h - c = -220, -3*c = -h + 79 - 19. What is the greatest common factor of 1116 and h?
36
Let y(m) = -m + 5. Let z be y(-30). Let s = -32 - -37. What is the greatest common factor of s and z?
5
Let g be -2*(0 + 23)*(-3)/2. Suppose 0 = -66*p + g*p - 198. Calculate the greatest common factor of p and 6.
6
Let h(q) = 3350*q**2 + 5*q + 10. Let p be h(-1). What is the greatest common factor of p and 55?
55
Let v(m) = -12*m**2 + 6*m - 47. Let z(k) = -2*k**2 + k - 1. Let p(b) = -v(b) + 5*z(b). Let a be p(7). Calculate the greatest common divisor of 38 and a.
19
Let p be -425*((-6 - 1) + 9). Let n = p - -865. Calculate the greatest common divisor of n and 3.
3
Let n = 2243 + -2223. What is the highest common factor of 340 and n?
20
Suppose w + w - 60 = 0. Suppose -10450 = 6*q + 13*q. Let m = -400 - q. What is the highest common factor of w and m?
30
Let u be 388/28 + (-3 - -7)/(126/36). Calculate the greatest common divisor of 16260 and u.
15
Suppose -4*v + 111 - 15 = 0. Let j be (-66)/15*(-21 + 1). Let n = -16 + j. Calculate the greatest common factor of v and n.
24
Let u be (-377880)/(-80)*(-8)/(-6). What is the greatest common divisor of 335 and u?
67
Let g(x) = -1429*x + 740. Let a be g(-8). What is the highest common factor of a and 68?
68
Let t = -96 + 112. Suppose 0*h + t = h. Let l = -57 - -169. What is the greatest common factor of h and l?
16
Suppose 0 = d + 3*d - 8, 2308 = 5*r + 4*d. What is the highest common divisor of r and 15?
5
Suppose 8*c - 12 = 5*c. Suppose -c*j + 117 + 385 = 3*b, 3*b = j - 133. Suppose 7*w = j + 13. What is the greatest common factor of 5 and w?
5
Suppose 344*z + 27 = 349*z - 7*d, 4*d - 54 = -z. What is the greatest common divisor of 9054 and z?
18
Let w be 22*1 - 0/2. Let r be 4 - (-25)/15*((4 - 6) + 26). Calculate the highest common divisor of r and w.
22
Let i(x) = -x**2 - 9*x. Let m be 21/(1 - 4) + (-6)/3. Let g be i(m). Suppose -13*o + 4*o + 432 = g. What is the highest common divisor of 3 and o?
3
Let n(p) = 6 + 18*p**2 - 2 + 0*p**3 + 32*p + 0*p**3 + p**3 + 36. Let r be (-2)/(-4) - 66/4. Let k be n(r). What is the greatest common divisor of k and 8?
8
Suppose 10*j - 8*j - 2 = 0. Let p = j - 0. Suppose -k - 3*k = -2*a - 32, 4*k - 5*a - 32 = 0. Calculate the highest common factor of p and k.
1
Suppose 380 = 15*x + 5*x. Suppose -1368 = x*n - 25*n. Calculate the highest common divisor of 3 and n.
3
Let k be ((-8)/(-6))/((-6)/(-9)). Suppose -k*a + 8 = -24. Suppose 0 = -4*j - j + 298 + 342. What is the greatest common divisor of j and a?
16
Let u(s) = s**2 + 140*s - 419. Let w be u(-143). What is the highest common factor of w and 890?
10
Let n = -1203 + 1210. What is the greatest common factor of n and 532?
7
Let q(w) = 104*w + 2376. Let o be q(-21). Calculate the highest common factor of o and 102.
6
Let w = -20240 - -20321. Calculate the greatest common factor of w and 18144.
81
Let k = 180 + 153. Let q = -14 - -21. Suppose -5*r + 194 = 3*b, -3*b = 4*r - q*b - 136. What is the greatest common factor of r and k?
37
Let n = 15282 + -13038. Calculate the highest common factor of 153 and n.
51
Let s(o) = 412*o**2 + 613*o - 2414. Let j be s(4). Calculate the highest common factor of 40 and j.
10
Let v be ((-4953)/(-4) + 0)/((-707)/(-32) + -22). Calculate the highest common factor of 127 and v.
127
Let s(y) = 91*y**2 - 13*y - 12. Let l be s(-1). Calculate the greatest common factor of l and 2116.
92
Let q(m) = -31*m - 6. Let b be q(-2). Suppose b - 11 = 5*c. Calculate the greatest common divisor of 36 and c.
9
Let h = 15368 - 15242. What is the greatest common factor of 10773 and h?
63
Let p be 252/(-27)*23*-3. Calculate the greatest common factor of p and 56.
28
Suppose -19815 = -46*l - 16963. What is the highest common factor of l and 24614?
62
Suppose -5*i - 3*a + 26 - 1 = 0, 3*i - 49 = 5*a. Calculate the highest common divisor of 86 and i.
2
Let l = 3518 - 3086. What is the highest common divisor of 405 and l?
27
Let x(d) = 7*d**2 + 66*d + 195. Let u be x(-28). Calculate the greatest common divisor of 65 and u.
65
Let p = 6894 + -3278. What is the highest common divisor of 32 and p?
32
Let s be (-1 - (-1 - 2)) + 8 + -1. Suppose -8*j + 11*j = s. Suppose -2*n + 111 - 15 = -j*t, 4*n - t - 182 = 0. Calculate the greatest common factor of n and 18.
9
Let l = -381 - -375. Let x be (-18)/(3 + l + (-28)/(-12)). Let d(o) = 60*o**2 - o + 1. Let j be d(-2). Calculate the highest common factor of x and j.
27
Suppose -4*d + 53 = 3*f, 5*f - 7*f + 37 = d. Let p(t) = 41 - 9*t - 8 - 2*t + 10*t. Let k be p(14). What is the greatest common divisor of k and f?
19
Suppose l + j - 165 = 4, -4*l = 3*j - 672. Let i = l - 162. What is the greatest common divisor of 9 and i?
3
Let i = 114 - 14. Let a = 111 - 71. Calculate the highest common factor of a and i.
20
Let l = 113 - 44. Let z be (-23)/l + (-5)/3. Let s be z/(-11) - (31/11)/(-1). What is the greatest common divisor of s and 12?
3
Let m = 5938 + -5915. Calculate the highest common divisor of m and 1817.
23
Let c = 54 - 25. Let g = 47 - 50. Let k be -2 + (-50 - -1)*g. What is the highest common divisor of k and c?
29
Let x = 64 - 54. Let d(v) = -3*v**2 - 10*v - 10. Let z be d(-5). Let s = z + 45. Calculate the highest common factor of s and x.
10
Suppose 8112 = -47*u + 8*u. Let z be 4/(-3*2/9). Let o be (u + z)/(0 + -1) - -3. What is the highest common factor of o and 31?
31
Let l(a) = 7*a**2 - 43*a - 12. Let t be l(6). Let m be (-4)/(-6)*(-1971)/t. Calculate the highest common factor of 73 and m.
73
Let x(l) = -l - 42. Let g be (0/3)/(2*(0 + -1)). Let h be x(g). Let k = 70 + h. Calculate the greatest common factor of k and 196.
28
Let p = 263 - 266. Let o be (-2)/4 + p/(-12)*14. Calculate the greatest common factor of 15 and o.
3
Suppose 0 = 4*h - 308 + 20. Suppose -5*f + 4*x = 5*x - h, -4*x - 62 = -5*f. Let i = f - -16. Calculate the greatest common factor of i and 15.
15
Let h = 20228 - 20086. Calculate the highest common factor of 88 and h.
2
Let k be ((-27)/(-18))/(6/(-8)). Let j(h) = h**3 + 4*h**2 - h. Let n be j(k). Suppose 3*t - 2 - n = 0. What is the greatest common factor of 2 and t?
2
Suppose -4*r - 16 = -6*r, -4*o = 3*r - 49144. What is the greatest common factor of o and 80?
40
Let l be 282/42 - ((-8)/14)/2. Suppose 0 = l*z - 0*z - 63. Suppose z*j - 7*j = 112. What is the highest common divisor of 8 and j?
8
Suppose -66*q + 2*h - 16 = -67*q, 2*q - 5*h - 77 = 0. Let k be 65/q*(-414)/(-15). What is the highest common factor of k and 92?
23
Let c =